atest common factor of w and 748?
68
Let l(w) = w**2 + 9*w - 6. Let b be l(-8). Let s = 76 + b. Suppose 4*i - s = -0*z - 2*z, -2*z = 3*i - 44. Calculate the greatest common divisor of i and 126.
18
Let y(f) = -f**3 - 14*f**2 - 50*f + 6. Let k be y(-15). Suppose 0 = k*d - 980*d - 108. Calculate the highest common divisor of 12 and d.
12
Suppose 5*y = -2*y + 49. Let b = y - -16. Let n(d) = 7*d - 8. Let w be n(11). Calculate the highest common divisor of w and b.
23
Let u(i) = 8*i**2 - 154*i + 141. Let m be u(28). What is the greatest common divisor of m and 33?
11
Let q(b) = 2*b - 8. Let w be q(5). Suppose 5*x - 220 = w*y + 142, -4*x - 4*y = -284. Calculate the greatest common divisor of x and 8.
8
Suppose 10*y + 4*y - 121 = 803. What is the greatest common factor of 286 and y?
22
Suppose 2*b - 76 = 892. Let p = -407 + b. What is the highest common divisor of 44 and p?
11
Suppose 0 = v - 3*w + 7*w - 168, 0 = 3*v - w - 543. Let q = -175 + v. Let m = 0 - -2. What is the greatest common factor of m and q?
1
Suppose 43 = 5*o - 17. Let i = o - 6. Let k(v) = v**3 - 6*v**2 + 2*v - 4. Let b be k(i). Calculate the highest common divisor of b and 1.
1
Suppose -100*x = -108*x + 43 + 69. Calculate the greatest common factor of x and 273.
7
Let u be 3/(15/25) - (2 - 2). Let z(a) = a**3 + 5*a**2 - 5*a - 9. Let l be z(u). Calculate the greatest common divisor of 72 and l.
72
Let t = 6 - 1. Suppose t*l = 3*l - 4*d + 20, 0 = -3*l + 4*d + 10. Suppose -104 = -l*c + 4*c. Calculate the highest common factor of 26 and c.
26
Let g(c) = c**3 - 4*c**2 - 3*c + 4. Let a be g(5). Suppose 0 = d - 39 + a. Let y = d - 4. What is the greatest common factor of 3 and y?
3
Suppose 3*d - 2*d - 2*c - 75 = 0, 0 = -2*d - 3*c + 129. Let p(s) = 6*s**2 - 38*s + 271. Let t be p(7). What is the highest common factor of t and d?
23
Suppose 0 = 2*p - p - 3. Suppose 5*o + 128 = p*w, w + o - 18 = 14. Let f = w - -144. What is the greatest common divisor of 36 and f?
36
Suppose -448 = -108*q + 112*q. Let t be (-4)/(-3)*(-84)/q. Calculate the greatest common divisor of 4 and t.
1
Let c(q) = 4*q**2 - 3*q - 49. Let w = 223 + -214. Let l be c(w). Calculate the highest common factor of 8 and l.
8
Suppose 4*s + 40 = -2*v, 3*v + 9 = -s - 6. Let q be -4*(-1345)/90 + (-2)/s. What is the highest common divisor of q and 12?
12
Let i(l) = -l**3 + 6*l**2 + 173*l - 52. Let p be i(13). Calculate the greatest common factor of p and 780.
78
Let i be ((-108)/81)/(2/12). Let q be (i + 7)/(5 - (-512)/(-102)). What is the highest common factor of 18 and q?
3
Let y(u) = 8*u**2 + 2*u + 1. Let h be y(-1). Suppose -h*o - 138 = -1846. Let x be 1*o/2 - -4. Calculate the highest common divisor of x and 18.
18
Let q be ((-87)/1)/(6*(-4)/24). What is the greatest common factor of 4089 and q?
87
Suppose -44 = 25*k - 285 + 91. Calculate the highest common factor of 378 and k.
6
Suppose 0 = k + 3*z - 32, -730 = -14*k + 6*z - z. Let i = 21 - 16. What is the highest common factor of k and i?
5
Suppose 25 = -5*o, -4*o - 46 = -5*i + 14. Let x(n) = 23 + 20 + i*n**2 + 8*n + 0*n - 49. Let v be x(3). What is the greatest common divisor of 30 and v?
30
Suppose 5*t - 3350 + 3265 = 5*l, 0 = 2*t - 4*l - 40. Suppose 12 = 4*u + 4*k, -u - 4*k + k = -5. What is the greatest common divisor of u and t?
2
Let p(o) = 2*o**3 + 130*o**2 - 6*o + 267. Let s be p(-65). Calculate the greatest common divisor of s and 54.
9
Let t(y) = -17*y. Let d be t(-3). Suppose -13*j - 16 = 62. Let c be 19 - (52/20 - j/(-10)). Calculate the greatest common divisor of c and d.
17
Suppose 0 = 58*f + 592 - 5406. Calculate the greatest common divisor of f and 3569.
83
Let z be (6 - 5/(-5)) + -5. Suppose -z*w = 2*x - 96, x + 4*w = -2*x + 142. What is the highest common factor of x and 150?
50
Let c be -354*22/176*-4. What is the highest common factor of c and 31683?
177
Let i(w) = -w**3 + 22*w**2 - 26*w - 28. Let p be i(15). Suppose -19*n + 24*n - 2*x = 61, -n + 15 = x. What is the greatest common factor of p and n?
13
Suppose 5*p = -3*y + 645, -8*p = 5*y - 555 - 476. Suppose n = 4*n - 36. Calculate the highest common divisor of n and p.
12
Let z be 4/(-10) + 9784/(-40). Let x be 4*-1*(6 - z/(-14)). What is the highest common divisor of 4 and x?
2
Suppose q = 32*q - 6*q - 1250. What is the highest common divisor of q and 36?
2
Let a be -1 + (-512)/(-12) - (-5)/15. Let h = 31 + a. Let i = 109 - h. Calculate the greatest common factor of 27 and i.
9
Let h(r) = -r**3 - 5*r**2 + 3*r + 51. Let v be h(0). Let j be 5 + (1 - 0)*-2. What is the greatest common divisor of j and v?
3
Let s(x) = -4*x + 23. Let c(j) = 16*j - 91. Let d(z) = 6*c(z) + 22*s(z). Let i be d(7). Calculate the greatest common factor of 352 and i.
16
Let i = -15 + 15. Suppose 3*n = 5*n - 2*f + 24, -n + 5*f - 24 = i. Let r be (27/(-2))/((n/12)/1). Calculate the highest common divisor of r and 9.
9
Let r(f) = f**2 + 3*f + 22. Let m(j) = j + 11. Let i(g) = -7*m(g) + 3*r(g). Let z be i(7). What is the highest common divisor of z and 120?
30
Let v(h) = 29*h + 13 - 37 + 61. Let k be v(2). What is the highest common factor of k and 38?
19
Let w be 1456 + -13 + 13 + 6. What is the greatest common divisor of 408 and w?
34
Suppose -5*a = -4*l - 256040, a - 51208 = -28*l + 31*l. What is the greatest common factor of 296 and a?
296
Let l = 19881 + -16803. What is the highest common divisor of 486 and l?
162
Let j(a) = a**3 + 15*a**2 - 52. Let z be j(-14). What is the highest common factor of z and 272?
16
Let l = -38 + 38. Let y(m) = m**2 + 4*m + 448. Let q be y(l). Suppose -d + 3*d - 2*s = 224, 0 = 4*d + 2*s - q. What is the greatest common factor of d and 32?
16
Let v(b) = -12*b + 134. Let q = 431 + -420. Let s be v(q). Suppose 5*f + 1 - 11 = 0. Calculate the greatest common divisor of s and f.
2
Let r be ((-30)/(-40))/((-6)/(-32)). Let f(i) = r + i**2 - 1196*i + 1196*i. Let t be f(0). What is the greatest common factor of 8 and t?
4
Let q be (413/49 + -5)/(2/7). Let b(o) = 2*o**2 - 24*o + 30. Let z be b(q). What is the greatest common divisor of z and 420?
30
Let u be (-108)/(-3)*((-45)/(-6) - 7). Let k be -25*(9/u)/(2/(-8)). Calculate the highest common divisor of 170 and k.
10
Let y = -1 + 3. Let o(l) = l**3 - 4. Let z be o(y). Suppose 0 = 4*f - 4 - z. What is the greatest common factor of 5 and f?
1
Suppose -3*i + 21 = -0*i. Suppose 3*k + 166 = 2*f + i*k, 2*f + k - 169 = 0. What is the highest common divisor of 5 and f?
5
Let k(f) = 3*f - 3. Let o be k(10). Suppose 0 = -5*u + a + 73, -2*a = -2*u + 3*a + 20. Let s be 72/(-32)*-4*u. Calculate the greatest common divisor of o and s.
27
Suppose 14*s = 48 - 20. Let b(x) = x**3 + x**2 - 2*x - 1. Let p be b(s). Calculate the greatest common factor of p and 161.
7
Suppose 0 = -39*n + 97*n - 4350. Let i(d) = -13*d - 5. Let b be i(-5). What is the highest common divisor of b and n?
15
Suppose -5*p + 27*l + 11 = 23*l, -2*p = -5*l - 1. Suppose 4*v - 252 = -3*t + 6*v, 84 = t + p*v. What is the highest common factor of t and 12?
12
Suppose 0 = -4*g + 266 - 126. Let u be 4/(-10) - (3 - 297/5). Suppose 40*v - u = 36*v. Calculate the greatest common factor of v and g.
7
Suppose -11*t + 50 = -6*t. Let c = -150 + 220. Calculate the greatest common divisor of c and t.
10
Suppose -6*y = -321 - 3. Let n = -42 + y. Suppose 6*u - 4*u - n = 0. Calculate the highest common divisor of u and 6.
6
Let z be (-5 + 7 + -3)*45. Let w = z + 51. What is the greatest common factor of 132 and w?
6
Suppose 180*q - 562 = 652 + 946. What is the greatest common factor of q and 465?
3
Let m(u) = -8*u - 39. Let a be 9*((-30)/9 - -3)*-3. Let c be (a - 0)/((4 - 5)*1). Let b be m(c). Calculate the greatest common divisor of 264 and b.
33
Let p = 2012 - 1548. What is the greatest common divisor of 203 and p?
29
Suppose -5*b + 60 + 20 = 0. Suppose -3*r = -15, 0 = 5*j + 3*r - 8*r + 25. Suppose j = -5*f + 98 + 622. What is the greatest common divisor of b and f?
16
Let i = 57 - 80. Let b = i + 30. Let x = 288 - 239. Calculate the greatest common factor of b and x.
7
Let a(n) = 3*n**2 - 22*n + 18. Let u be a(10). Suppose -3*f + 378 = 6*f. Calculate the highest common divisor of u and f.
14
Let j(w) be the second derivative of w**4/4 + 4*w**3/3 - 23*w**2/2 + 11*w - 3. Let d be j(-13). Calculate the greatest com